{"id":19,"date":"2017-11-22T18:28:20","date_gmt":"2017-11-22T18:28:20","guid":{"rendered":"http:\/\/ammerseeurlaub.com\/?page_id=19"},"modified":"2024-01-03T09:38:07","modified_gmt":"2024-01-03T09:38:07","slug":"grosse-4-sterne-ferienwohnung-monika","status":"publish","type":"page","link":"https:\/\/ammerseeurlaub.com\/?page_id=19","title":{"rendered":"Ferienwohnung \u201eMonika\u201c"},"content":{"rendered":"<p><strong>Gro\u00dfe 4**** Ferienwohnung \u201eMonika\u201c<\/strong><br \/>\nViel Platz zum Wohlf\u00fchlen mit 4-Sterne hochwertigem Ausstattungs\/Wohnkomfort und absolutem Erholungsfaktor!<\/p>\n<p><img loading=\"lazy\" decoding=\"async\" class=\"alignleft size-medium wp-image-57\" src=\"http:\/\/ammerseeurlaub.com\/wp-content\/uploads\/2017\/11\/Haus-Aussenansicht-Hofseite-300x225.jpg\" alt=\"\" width=\"300\" height=\"225\" srcset=\"https:\/\/ammerseeurlaub.com\/wp-content\/uploads\/2017\/11\/Haus-Aussenansicht-Hofseite-300x225.jpg 300w, https:\/\/ammerseeurlaub.com\/wp-content\/uploads\/2017\/11\/Haus-Aussenansicht-Hofseite.jpg 638w\" sizes=\"auto, (max-width: 300px) 100vw, 300px\" \/>Diese gro\u00dfz\u00fcgig geschnittene, wohnlich-ansprechend neu eingerichtete Ferienwohnung liegt im ersten Stock eines Neubaus in ruhiger Ortslage von Eching am Ammersee &#8211; verkehrsg\u00fcnstig f\u00fcr die Fahrt zu den nahen Gro\u00dfst\u00e4dten M\u00fcnchen und Augsburg und gleichzeitig nur 5 Gehminuten vom Ammersee entfernt. Sehr zentrale Lage, Einkaufsmarkt, Bank, B\u00e4ckerei, Arztpraxis, Busstation &#8211; alles im Radius nur 150 m entfernt.<\/p>\n<p><img loading=\"lazy\" decoding=\"async\" class=\"aligncenter size-full wp-image-56\" src=\"http:\/\/ammerseeurlaub.com\/wp-content\/uploads\/2017\/11\/Haus-Aussenansicht-Suedseite.jpg\" alt=\"\" width=\"638\" height=\"479\" srcset=\"https:\/\/ammerseeurlaub.com\/wp-content\/uploads\/2017\/11\/Haus-Aussenansicht-Suedseite.jpg 638w, https:\/\/ammerseeurlaub.com\/wp-content\/uploads\/2017\/11\/Haus-Aussenansicht-Suedseite-300x225.jpg 300w\" sizes=\"auto, (max-width: 638px) 100vw, 638px\" \/><\/p>\n<p>Schon beim Betreten der Wohnung zeigt sich die gro\u00dfz\u00fcgige Raumplanung und damit die entspannte Atmosph\u00e4re nach einem beruflichen Einsatz oder als Urlauber.<\/p>\n<p>Im Wohnzimmer ist gen\u00fcgend Platz f\u00fcr alle Personen. Eine gro\u00dfe Sitzecke sowie ein weiterer Sessel sorgen f\u00fcr gem\u00fctliche Sitzgelegenheiten. Mit der Raumgr\u00f6\u00dfe von \u00fcber 25m\u00b2 finden hier bequem bis zu 6 Personen Platz. Ausgestattet mit gro\u00dfem Farbfernseher mit digitaler Satellitenanlage. Auch Ihre mitgebrachten Lieblings-CDs k\u00f6nnen Sie hier mit der Stereoanlage abspielen.<\/p>\n<p>Die zum Wohnzimmer offene gro\u00dfe Einbauk\u00fcche ist mit allen Utensilien zum Kochen wie T\u00f6pfen, Geschirr und Besteckteilen ausreichend ausgestattet. Ein moderner Umluftherd mit einem Ceran-Kochfeld rundet das Ambiente ab. Eine Kaffemaschine, ein Wasserkocher, ein Toaster, ein Eierkocher sowie eine Brotschneidemaschine stehen selbstverst\u00e4ndlich zur Verf\u00fcgung. F\u00fcr &#8222;k\u00fchle Momente&#8220; steht der K\u00fchlschrank mit Gefrierfach bereit. Eine Sp\u00fclmaschine ist ebenfalls vorhanden.<\/p>\n<div id='gallery-1' class='gallery galleryid-19 gallery-columns-3 gallery-size-thumbnail'><figure class='gallery-item'>\n\t\t\t<div class='gallery-icon landscape'>\n\t\t\t\t<a href='https:\/\/ammerseeurlaub.com\/wp-content\/uploads\/2020\/11\/Hausbistro.jpg' title=\"\" data-rl_title=\"\" class=\"rl-gallery-link\" data-rl_caption=\"\" data-rel=\"lightbox-gallery-1\"><img loading=\"lazy\" decoding=\"async\" width=\"150\" height=\"150\" src=\"https:\/\/ammerseeurlaub.com\/wp-content\/uploads\/2020\/11\/Hausbistro-150x150.jpg\" class=\"attachment-thumbnail size-thumbnail\" alt=\"\" aria-describedby=\"gallery-1-183\" srcset=\"https:\/\/ammerseeurlaub.com\/wp-content\/uploads\/2020\/11\/Hausbistro-150x150.jpg 150w, https:\/\/ammerseeurlaub.com\/wp-content\/uploads\/2020\/11\/Hausbistro-100x100.jpg 100w\" sizes=\"auto, 100vw\" \/><\/a>\n\t\t\t<\/div>\n\t\t\t\t<figcaption class='wp-caption-text gallery-caption' id='gallery-1-183'>\n\t\t\t\tHauseingang\n\t\t\t\t<\/figcaption><\/figure><figure class='gallery-item'>\n\t\t\t<div class='gallery-icon landscape'>\n\t\t\t\t<a href='https:\/\/ammerseeurlaub.com\/wp-content\/uploads\/2020\/11\/DSC02742-scaled.jpg' title=\"\" data-rl_title=\"\" class=\"rl-gallery-link\" data-rl_caption=\"\" data-rel=\"lightbox-gallery-1\"><img loading=\"lazy\" decoding=\"async\" width=\"150\" height=\"150\" src=\"https:\/\/ammerseeurlaub.com\/wp-content\/uploads\/2020\/11\/DSC02742-150x150.jpg\" class=\"attachment-thumbnail size-thumbnail\" alt=\"\" aria-describedby=\"gallery-1-189\" srcset=\"https:\/\/ammerseeurlaub.com\/wp-content\/uploads\/2020\/11\/DSC02742-150x150.jpg 150w, https:\/\/ammerseeurlaub.com\/wp-content\/uploads\/2020\/11\/DSC02742-100x100.jpg 100w\" sizes=\"auto, 100vw\" \/><\/a>\n\t\t\t<\/div>\n\t\t\t\t<figcaption class='wp-caption-text gallery-caption' id='gallery-1-189'>\n\t\t\t\tWillkommensgru\u00df f\u00fcr unsere G\u00e4ste\n\t\t\t\t<\/figcaption><\/figure><figure class='gallery-item'>\n\t\t\t<div class='gallery-icon portrait'>\n\t\t\t\t<a href='https:\/\/ammerseeurlaub.com\/wp-content\/uploads\/2017\/12\/MG_7277.jpg' title=\"\" data-rl_title=\"\" class=\"rl-gallery-link\" data-rl_caption=\"\" data-rel=\"lightbox-gallery-1\"><img loading=\"lazy\" decoding=\"async\" width=\"150\" height=\"150\" src=\"https:\/\/ammerseeurlaub.com\/wp-content\/uploads\/2017\/12\/MG_7277-150x150.jpg\" class=\"attachment-thumbnail size-thumbnail\" alt=\"\" aria-describedby=\"gallery-1-92\" srcset=\"https:\/\/ammerseeurlaub.com\/wp-content\/uploads\/2017\/12\/MG_7277-150x150.jpg 150w, https:\/\/ammerseeurlaub.com\/wp-content\/uploads\/2017\/12\/MG_7277-100x100.jpg 100w\" sizes=\"auto, 100vw\" \/><\/a>\n\t\t\t<\/div>\n\t\t\t\t<figcaption class='wp-caption-text gallery-caption' id='gallery-1-92'>\n\t\t\t\tEingangsbereich\n\t\t\t\t<\/figcaption><\/figure><figure class='gallery-item'>\n\t\t\t<div class='gallery-icon landscape'>\n\t\t\t\t<a href='https:\/\/ammerseeurlaub.com\/wp-content\/uploads\/2017\/12\/kueche1.jpg' title=\"\" data-rl_title=\"\" class=\"rl-gallery-link\" data-rl_caption=\"\" data-rel=\"lightbox-gallery-1\"><img loading=\"lazy\" decoding=\"async\" width=\"150\" height=\"150\" src=\"https:\/\/ammerseeurlaub.com\/wp-content\/uploads\/2017\/12\/kueche1-150x150.jpg\" class=\"attachment-thumbnail size-thumbnail\" alt=\"\" aria-describedby=\"gallery-1-87\" srcset=\"https:\/\/ammerseeurlaub.com\/wp-content\/uploads\/2017\/12\/kueche1-150x150.jpg 150w, https:\/\/ammerseeurlaub.com\/wp-content\/uploads\/2017\/12\/kueche1-100x100.jpg 100w\" sizes=\"auto, 100vw\" \/><\/a>\n\t\t\t<\/div>\n\t\t\t\t<figcaption class='wp-caption-text gallery-caption' id='gallery-1-87'>\n\t\t\t\tK\u00fcche mit Essgruppe\n\t\t\t\t<\/figcaption><\/figure><figure class='gallery-item'>\n\t\t\t<div class='gallery-icon landscape'>\n\t\t\t\t<a href='https:\/\/ammerseeurlaub.com\/wp-content\/uploads\/2020\/11\/DSC02691-scaled.jpg' title=\"\" data-rl_title=\"\" class=\"rl-gallery-link\" data-rl_caption=\"\" data-rel=\"lightbox-gallery-1\"><img loading=\"lazy\" decoding=\"async\" width=\"150\" height=\"150\" src=\"https:\/\/ammerseeurlaub.com\/wp-content\/uploads\/2020\/11\/DSC02691-150x150.jpg\" class=\"attachment-thumbnail size-thumbnail\" alt=\"\" aria-describedby=\"gallery-1-185\" srcset=\"https:\/\/ammerseeurlaub.com\/wp-content\/uploads\/2020\/11\/DSC02691-150x150.jpg 150w, https:\/\/ammerseeurlaub.com\/wp-content\/uploads\/2020\/11\/DSC02691-100x100.jpg 100w\" sizes=\"auto, 100vw\" \/><\/a>\n\t\t\t<\/div>\n\t\t\t\t<figcaption class='wp-caption-text gallery-caption' id='gallery-1-185'>\n\t\t\t\tWohnzimmer\n\t\t\t\t<\/figcaption><\/figure><figure class='gallery-item'>\n\t\t\t<div class='gallery-icon landscape'>\n\t\t\t\t<a href='https:\/\/ammerseeurlaub.com\/wp-content\/uploads\/2020\/11\/DSC02696-scaled.jpg' title=\"\" data-rl_title=\"\" class=\"rl-gallery-link\" data-rl_caption=\"\" data-rel=\"lightbox-gallery-1\"><img loading=\"lazy\" decoding=\"async\" width=\"150\" height=\"150\" src=\"https:\/\/ammerseeurlaub.com\/wp-content\/uploads\/2020\/11\/DSC02696-150x150.jpg\" class=\"attachment-thumbnail size-thumbnail\" alt=\"\" aria-describedby=\"gallery-1-186\" srcset=\"https:\/\/ammerseeurlaub.com\/wp-content\/uploads\/2020\/11\/DSC02696-150x150.jpg 150w, https:\/\/ammerseeurlaub.com\/wp-content\/uploads\/2020\/11\/DSC02696-100x100.jpg 100w\" sizes=\"auto, 100vw\" \/><\/a>\n\t\t\t<\/div>\n\t\t\t\t<figcaption class='wp-caption-text gallery-caption' id='gallery-1-186'>\n\t\t\t\tWohnzimmer zum Balkon\n\t\t\t\t<\/figcaption><\/figure><figure class='gallery-item'>\n\t\t\t<div class='gallery-icon landscape'>\n\t\t\t\t<a href='https:\/\/ammerseeurlaub.com\/wp-content\/uploads\/2018\/05\/Schlafzimmer1.jpg' title=\"\" data-rl_title=\"\" class=\"rl-gallery-link\" data-rl_caption=\"\" data-rel=\"lightbox-gallery-1\"><img loading=\"lazy\" decoding=\"async\" width=\"150\" height=\"150\" src=\"https:\/\/ammerseeurlaub.com\/wp-content\/uploads\/2018\/05\/Schlafzimmer1-150x150.jpg\" class=\"attachment-thumbnail size-thumbnail\" alt=\"\" aria-describedby=\"gallery-1-145\" srcset=\"https:\/\/ammerseeurlaub.com\/wp-content\/uploads\/2018\/05\/Schlafzimmer1-150x150.jpg 150w, https:\/\/ammerseeurlaub.com\/wp-content\/uploads\/2018\/05\/Schlafzimmer1-100x100.jpg 100w\" sizes=\"auto, 100vw\" \/><\/a>\n\t\t\t<\/div>\n\t\t\t\t<figcaption class='wp-caption-text gallery-caption' id='gallery-1-145'>\n\t\t\t\tBoxspringbett im Schlafzimmer1\n\t\t\t\t<\/figcaption><\/figure><figure class='gallery-item'>\n\t\t\t<div class='gallery-icon portrait'>\n\t\t\t\t<a href='https:\/\/ammerseeurlaub.com\/wp-content\/uploads\/2018\/05\/Schlafzimmer1_3.jpg' title=\"\" data-rl_title=\"\" class=\"rl-gallery-link\" data-rl_caption=\"\" data-rel=\"lightbox-gallery-1\"><img loading=\"lazy\" decoding=\"async\" width=\"150\" height=\"150\" src=\"https:\/\/ammerseeurlaub.com\/wp-content\/uploads\/2018\/05\/Schlafzimmer1_3-150x150.jpg\" class=\"attachment-thumbnail size-thumbnail\" alt=\"\" aria-describedby=\"gallery-1-146\" srcset=\"https:\/\/ammerseeurlaub.com\/wp-content\/uploads\/2018\/05\/Schlafzimmer1_3-150x150.jpg 150w, https:\/\/ammerseeurlaub.com\/wp-content\/uploads\/2018\/05\/Schlafzimmer1_3-100x100.jpg 100w\" sizes=\"auto, 100vw\" \/><\/a>\n\t\t\t<\/div>\n\t\t\t\t<figcaption class='wp-caption-text gallery-caption' id='gallery-1-146'>\n\t\t\t\tSchlafzimmer-Spiegelschrank\n\t\t\t\t<\/figcaption><\/figure><figure class='gallery-item'>\n\t\t\t<div class='gallery-icon landscape'>\n\t\t\t\t<a href='https:\/\/ammerseeurlaub.com\/wp-content\/uploads\/2020\/11\/2.Schlafzimmer2-scaled.jpg' title=\"\" data-rl_title=\"\" class=\"rl-gallery-link\" data-rl_caption=\"\" data-rel=\"lightbox-gallery-1\"><img loading=\"lazy\" decoding=\"async\" width=\"150\" height=\"150\" src=\"https:\/\/ammerseeurlaub.com\/wp-content\/uploads\/2020\/11\/2.Schlafzimmer2-150x150.jpg\" class=\"attachment-thumbnail size-thumbnail\" alt=\"\" aria-describedby=\"gallery-1-188\" srcset=\"https:\/\/ammerseeurlaub.com\/wp-content\/uploads\/2020\/11\/2.Schlafzimmer2-150x150.jpg 150w, https:\/\/ammerseeurlaub.com\/wp-content\/uploads\/2020\/11\/2.Schlafzimmer2-100x100.jpg 100w\" sizes=\"auto, 100vw\" \/><\/a>\n\t\t\t<\/div>\n\t\t\t\t<figcaption class='wp-caption-text gallery-caption' id='gallery-1-188'>\n\t\t\t\tBoxspringbett einzeln\n\t\t\t\t<\/figcaption><\/figure><figure class='gallery-item'>\n\t\t\t<div class='gallery-icon landscape'>\n\t\t\t\t<a href='https:\/\/ammerseeurlaub.com\/wp-content\/uploads\/2020\/11\/DSC02708-scaled.jpg' title=\"\" data-rl_title=\"\" class=\"rl-gallery-link\" data-rl_caption=\"\" data-rel=\"lightbox-gallery-1\"><img loading=\"lazy\" decoding=\"async\" width=\"150\" height=\"150\" src=\"https:\/\/ammerseeurlaub.com\/wp-content\/uploads\/2020\/11\/DSC02708-150x150.jpg\" class=\"attachment-thumbnail size-thumbnail\" alt=\"\" aria-describedby=\"gallery-1-187\" srcset=\"https:\/\/ammerseeurlaub.com\/wp-content\/uploads\/2020\/11\/DSC02708-150x150.jpg 150w, https:\/\/ammerseeurlaub.com\/wp-content\/uploads\/2020\/11\/DSC02708-100x100.jpg 100w\" sizes=\"auto, 100vw\" \/><\/a>\n\t\t\t<\/div>\n\t\t\t\t<figcaption class='wp-caption-text gallery-caption' id='gallery-1-187'>\n\t\t\t\tBoxspringbetten variabel\n\t\t\t\t<\/figcaption><\/figure><figure class='gallery-item'>\n\t\t\t<div class='gallery-icon landscape'>\n\t\t\t\t<a href='https:\/\/ammerseeurlaub.com\/wp-content\/uploads\/2017\/12\/MG_7282.jpg' title=\"\" data-rl_title=\"\" class=\"rl-gallery-link\" data-rl_caption=\"\" data-rel=\"lightbox-gallery-1\"><img loading=\"lazy\" decoding=\"async\" width=\"150\" height=\"150\" src=\"https:\/\/ammerseeurlaub.com\/wp-content\/uploads\/2017\/12\/MG_7282-150x150.jpg\" class=\"attachment-thumbnail size-thumbnail\" alt=\"\" aria-describedby=\"gallery-1-71\" srcset=\"https:\/\/ammerseeurlaub.com\/wp-content\/uploads\/2017\/12\/MG_7282-150x150.jpg 150w, https:\/\/ammerseeurlaub.com\/wp-content\/uploads\/2017\/12\/MG_7282-100x100.jpg 100w\" sizes=\"auto, 100vw\" \/><\/a>\n\t\t\t<\/div>\n\t\t\t\t<figcaption class='wp-caption-text gallery-caption' id='gallery-1-71'>\n\t\t\t\tBadezimmer\n\t\t\t\t<\/figcaption><\/figure><figure class='gallery-item'>\n\t\t\t<div class='gallery-icon landscape'>\n\t\t\t\t<a href='https:\/\/ammerseeurlaub.com\/wp-content\/uploads\/2017\/12\/MG_7281.jpg' title=\"\" data-rl_title=\"\" class=\"rl-gallery-link\" data-rl_caption=\"\" data-rel=\"lightbox-gallery-1\"><img loading=\"lazy\" decoding=\"async\" width=\"150\" height=\"150\" src=\"https:\/\/ammerseeurlaub.com\/wp-content\/uploads\/2017\/12\/MG_7281-150x150.jpg\" class=\"attachment-thumbnail size-thumbnail\" alt=\"\" aria-describedby=\"gallery-1-70\" srcset=\"https:\/\/ammerseeurlaub.com\/wp-content\/uploads\/2017\/12\/MG_7281-150x150.jpg 150w, https:\/\/ammerseeurlaub.com\/wp-content\/uploads\/2017\/12\/MG_7281-100x100.jpg 100w\" sizes=\"auto, 100vw\" \/><\/a>\n\t\t\t<\/div>\n\t\t\t\t<figcaption class='wp-caption-text gallery-caption' id='gallery-1-70'>\n\t\t\t\tBadezimmer\n\t\t\t\t<\/figcaption><\/figure><figure class='gallery-item'>\n\t\t\t<div class='gallery-icon landscape'>\n\t\t\t\t<a href='https:\/\/ammerseeurlaub.com\/wp-content\/uploads\/2017\/12\/MG_7285.jpg' title=\"\" data-rl_title=\"\" class=\"rl-gallery-link\" data-rl_caption=\"\" data-rel=\"lightbox-gallery-1\"><img loading=\"lazy\" decoding=\"async\" width=\"150\" height=\"150\" src=\"https:\/\/ammerseeurlaub.com\/wp-content\/uploads\/2017\/12\/MG_7285-150x150.jpg\" class=\"attachment-thumbnail size-thumbnail\" alt=\"\" aria-describedby=\"gallery-1-73\" srcset=\"https:\/\/ammerseeurlaub.com\/wp-content\/uploads\/2017\/12\/MG_7285-150x150.jpg 150w, https:\/\/ammerseeurlaub.com\/wp-content\/uploads\/2017\/12\/MG_7285-100x100.jpg 100w\" sizes=\"auto, 100vw\" \/><\/a>\n\t\t\t<\/div>\n\t\t\t\t<figcaption class='wp-caption-text gallery-caption' id='gallery-1-73'>\n\t\t\t\tBadezimmer\n\t\t\t\t<\/figcaption><\/figure><figure class='gallery-item'>\n\t\t\t<div class='gallery-icon landscape'>\n\t\t\t\t<a href='https:\/\/ammerseeurlaub.com\/wp-content\/uploads\/2018\/05\/Balkon3.jpg' title=\"\" data-rl_title=\"\" class=\"rl-gallery-link\" data-rl_caption=\"\" data-rel=\"lightbox-gallery-1\"><img loading=\"lazy\" decoding=\"async\" width=\"150\" height=\"150\" src=\"https:\/\/ammerseeurlaub.com\/wp-content\/uploads\/2018\/05\/Balkon3-150x150.jpg\" class=\"attachment-thumbnail size-thumbnail\" alt=\"\" aria-describedby=\"gallery-1-143\" srcset=\"https:\/\/ammerseeurlaub.com\/wp-content\/uploads\/2018\/05\/Balkon3-150x150.jpg 150w, https:\/\/ammerseeurlaub.com\/wp-content\/uploads\/2018\/05\/Balkon3-100x100.jpg 100w\" sizes=\"auto, 100vw\" \/><\/a>\n\t\t\t<\/div>\n\t\t\t\t<figcaption class='wp-caption-text gallery-caption' id='gallery-1-143'>\n\t\t\t\tBalkon-Sitzgruppe\n\t\t\t\t<\/figcaption><\/figure><figure class='gallery-item'>\n\t\t\t<div class='gallery-icon landscape'>\n\t\t\t\t<a href='https:\/\/ammerseeurlaub.com\/wp-content\/uploads\/2018\/05\/Gartenausblick.jpg' title=\"\" data-rl_title=\"\" class=\"rl-gallery-link\" data-rl_caption=\"\" data-rel=\"lightbox-gallery-1\"><img loading=\"lazy\" decoding=\"async\" width=\"150\" height=\"150\" src=\"https:\/\/ammerseeurlaub.com\/wp-content\/uploads\/2018\/05\/Gartenausblick-150x150.jpg\" class=\"attachment-thumbnail size-thumbnail\" alt=\"\" aria-describedby=\"gallery-1-144\" srcset=\"https:\/\/ammerseeurlaub.com\/wp-content\/uploads\/2018\/05\/Gartenausblick-150x150.jpg 150w, https:\/\/ammerseeurlaub.com\/wp-content\/uploads\/2018\/05\/Gartenausblick-100x100.jpg 100w\" sizes=\"auto, 100vw\" \/><\/a>\n\t\t\t<\/div>\n\t\t\t\t<figcaption class='wp-caption-text gallery-caption' id='gallery-1-144'>\n\t\t\t\tBlick in den Garten\n\t\t\t\t<\/figcaption><\/figure>\n\t\t<\/div>\n\n<p>In den beiden gro\u00dfz\u00fcgigen Schlafzimmern k\u00f6nnen Sie sich wohlf\u00fchlen! Das Doppelschlafzimmer besticht durch ein bequemes Kingsize-Boxspringbett. Durch ein weiteres Beistellbett kann ein Schlafzimmer auch jeweils bequem von 3 Personen genutzt werden. Im 2.Schlafzimmer befinden sich ebenfalls zwei weitere Boxspringbetten. Ein Babybett ist auf Wunsch nat\u00fcrlich auch vorhanden. Ihre Kleidung und Mitbringsel sind in einem eigenen Ankleideraum gut untergebracht. Ein Ganzk\u00f6rperspiegel rundet die Ausstattung ab. Auf Wunsch erhalten Sie auch zus\u00e4tzliche Decken und Kopfkissen.<\/p>\n<p>F\u00fcr Ihr ganz pers\u00f6nliches Wellness-Programm empfiehlt sich das gro\u00dfr\u00e4umige, komfortable Badezimmer mit Tageslicht, einer hellen Dusche mit Flacheinstieg und Glasabtrennung sowie einer gro\u00dfen Badm\u00f6belwand mit Ganzk\u00f6rperspiegel.\u00a0 Auch ein gro\u00dfer Handtuchheizk\u00f6rper, Haartrockner, Kosmetikspiegel, W\u00e4schest\u00e4nder sowie Hand- und Duscht\u00fccher fehlen nicht. Handtuchwechsel nach Absprache. Auf Wunsch k\u00f6nnen Waschmaschine und W\u00e4schetrockner nach Absprache mit uns genutzt werden.<\/p>\n<figure id=\"attachment_143\" aria-describedby=\"caption-attachment-143\" style=\"width: 300px\" class=\"wp-caption alignnone\"><img loading=\"lazy\" decoding=\"async\" class=\"wp-image-143 size-medium\" src=\"http:\/\/ammerseeurlaub.com\/wp-content\/uploads\/2018\/05\/Balkon3-300x199.jpg\" alt=\"\" width=\"300\" height=\"199\" srcset=\"https:\/\/ammerseeurlaub.com\/wp-content\/uploads\/2018\/05\/Balkon3-300x199.jpg 300w, https:\/\/ammerseeurlaub.com\/wp-content\/uploads\/2018\/05\/Balkon3-768x510.jpg 768w, https:\/\/ammerseeurlaub.com\/wp-content\/uploads\/2018\/05\/Balkon3-1024x680.jpg 1024w\" sizes=\"auto, (max-width: 300px) 100vw, 300px\" \/><figcaption id=\"caption-attachment-143\" class=\"wp-caption-text\">Balkon-Sitzgruppe mit Sonnenschirm<\/figcaption><\/figure>\n<p>Vom Balkon mit 14m\u00b2 Gr\u00f6\u00dfe in S\u00fcdwestlage haben Sie einen sonnigen Blick ins Gr\u00fcne. Die Umgebung der Ferienwohnung ist gepr\u00e4gt von viel Gr\u00fcn und dennoch zentraler Lage im Ortsbereich von Eching am Ammersee. Ein Einkaufsmarkt mit B\u00e4ckerei, eine Arztpraxis sowie 2 Banken sind fu\u00dfl\u00e4ufig innerhalb von 150 m erreichbar. In Gehweite von nur 5 Minuten liegt der Ammersee mit Biergarten und Liegewiesen. Die Schiffsanlegestelle mit gastronomischem Biergartenangebot erreichen Sie fu\u00dfl\u00e4ufig in 15 Minuten. Mit der S-Bahnlinie 4 (Fahrzeit 40 Min.) erreichen Sie schnell und bequem das Zentrum der Landeshauptstadt M\u00fcnchen mit all seinen Sehensw\u00fcrdigkeiten.<\/p>\n<p><strong>Daten:<\/strong><\/p>\n<p>Gr\u00f6\u00dfe der Wohnung: 90m\u00b2.<\/p>\n<p>Personen: 2-7<\/p>\n<p>Ganzj\u00e4hrige Vermietung, auch Tageweise.<\/p>\n<p>Ausgezeichnet mit 4**** vom DTV Touristikverband Berlin<img loading=\"lazy\" decoding=\"async\" class=\"aligncenter size-full wp-image-8\" src=\"http:\/\/ammerseeurlaub.com\/wp-content\/uploads\/2017\/11\/4_Sterne_Schild.png\" alt=\"\" width=\"400\" height=\"283\" srcset=\"https:\/\/ammerseeurlaub.com\/wp-content\/uploads\/2017\/11\/4_Sterne_Schild.png 400w, https:\/\/ammerseeurlaub.com\/wp-content\/uploads\/2017\/11\/4_Sterne_Schild-300x212.png 300w\" sizes=\"auto, (max-width: 400px) 100vw, 400px\" \/><\/p>\n<p><strong>Ausstattung:<\/strong><\/p>\n<p>Alle R\u00e4ume mit Fu\u00dfbodenheizung<\/p>\n<p>Kingsize-Boxspringbett im Doppelschlafzimmer<br \/>\nZwei Boxspringbetten 1,00&#215;2,00 m im 2.Schlafzimmer<\/p>\n<p>Kinderbett und Kinderstuhl<br \/>\nHandtuchheizk\u00f6rper, Haartrockner, W\u00e4schest\u00e4nder, Hand- und Duscht\u00fccher, Bettw\u00e4sche, Duschabtrennung aus Glas, Ganzk\u00f6rperspiegel, Kosmetikspiegel, Waschmaschine<\/p>\n<p>Zus\u00e4tzliche Decken und Kopfkissen auf Wunsch<br \/>\n42&#8243; Flachbild-TV\/SAT-Digitalanschluss, DVD-Player<br \/>\nRadio\/CD<br \/>\nModerne Einbauk\u00fcche, Backofen, Sp\u00fclmaschine, Wasserkocher, Toaster<br \/>\nMini-Safe (elektronisch)<br \/>\nHigh-Speed WLAN-Zugang gratis<\/p>\n<p>Keine Haustiere, Nichtraucherwohnung<br \/>\n<strong><em>Neu!\u00a0 E-Ladestation f\u00fcr alle Elektro-Fahrzeuge<\/em><\/strong><\/p>\n<p><strong>Auto &#8211; Parkm\u00f6glichkeiten:<\/strong><\/p>\n<p>Hauseigener kostenloser Parkplatz<br \/>\nUnterstellplatz f\u00fcr Fahrr\u00e4der nach Absprache m\u00f6glich<br \/>\nVermittlung von Fahrradverleih in der N\u00e4he vor Ort<\/p>\n<p>S-Bahn Station T\u00fcrkenfeld oder Grafrath \u2013 S4 nach M\u00fcnchen<\/p>\n<p><strong>Gratisleistungen f\u00fcr G\u00e4ste:<\/strong><\/p>\n<p>1 Flasche Mineralwasser<br \/>\n2 Flaschen bayerisches Bier<\/p>\n<p><strong>Belegungskalender:<\/strong><\/p>\n<p><a href=\"http:\/\/www.ammersee-region.de\/gastgeber-verwaltung\/gastgeberkalender.php?anbieter=112&amp;objekt=600\" target=\"_blank\" rel=\"noopener noreferrer\"><img loading=\"lazy\" decoding=\"async\" class=\"alignnone wp-image-121 size-full\" src=\"http:\/\/ammerseeurlaub.com\/wp-content\/uploads\/2018\/03\/belegungskalender-ja.jpg\" alt=\"\" width=\"30\" height=\"20\" \/>\u00a0<\/a><\/p>\n","protected":false},"excerpt":{"rendered":"<p>Gro\u00dfe 4**** Ferienwohnung \u201eMonika\u201c Viel Platz zum Wohlf\u00fchlen mit 4-Sterne hochwertigem Ausstattungs\/Wohnkomfort und absolutem Erholungsfaktor! Diese gro\u00dfz\u00fcgig geschnittene, wohnlich-ansprechend neu eingerichtete Ferienwohnung liegt im ersten Stock eines Neubaus in ruhiger Ortslage von Eching am Ammersee &#8211; verkehrsg\u00fcnstig f\u00fcr die Fahrt zu den nahen Gro\u00dfst\u00e4dten M\u00fcnchen und Augsburg und gleichzeitig nur 5 Gehminuten vom Ammersee entfernt. &hellip; <\/p>\n<p class=\"link-more\"><a href=\"https:\/\/ammerseeurlaub.com\/?page_id=19\" class=\"more-link\"><span class=\"screen-reader-text\">\u201eFerienwohnung \u201eMonika\u201c\u201c <\/span>weiterlesen<\/a><\/p>\n","protected":false},"author":1,"featured_media":0,"parent":0,"menu_order":5,"comment_status":"closed","ping_status":"closed","template":"","meta":{"footnotes":""},"class_list":["post-19","page","type-page","status-publish","hentry"],"_links":{"self":[{"href":"https:\/\/ammerseeurlaub.com\/index.php?rest_route=\/wp\/v2\/pages\/19","targetHints":{"allow":["GET"]}}],"collection":[{"href":"https:\/\/ammerseeurlaub.com\/index.php?rest_route=\/wp\/v2\/pages"}],"about":[{"href":"https:\/\/ammerseeurlaub.com\/index.php?rest_route=\/wp\/v2\/types\/page"}],"author":[{"embeddable":true,"href":"https:\/\/ammerseeurlaub.com\/index.php?rest_route=\/wp\/v2\/users\/1"}],"replies":[{"embeddable":true,"href":"https:\/\/ammerseeurlaub.com\/index.php?rest_route=%2Fwp%2Fv2%2Fcomments&post=19"}],"version-history":[{"count":32,"href":"https:\/\/ammerseeurlaub.com\/index.php?rest_route=\/wp\/v2\/pages\/19\/revisions"}],"predecessor-version":[{"id":211,"href":"https:\/\/ammerseeurlaub.com\/index.php?rest_route=\/wp\/v2\/pages\/19\/revisions\/211"}],"wp:attachment":[{"href":"https:\/\/ammerseeurlaub.com\/index.php?rest_route=%2Fwp%2Fv2%2Fmedia&parent=19"}],"curies":[{"name":"wp","href":"https:\/\/api.w.org\/{rel}","templated":true}]}}